) a multiple of 14?
True
Let g = 17 + -9. Is g a multiple of 3?
False
Let j(o) = 8*o**2 - 2. Does 14 divide j(-3)?
True
Let i(w) = w + 6*w + w**2 - 4*w - 3 + w. Is 3 a factor of i(2)?
True
Let y be 2 - 0 - 4 - -7. Suppose 4*r = 3*i - i + 30, -r - 2*i + y = 0. Let v(p) = p - 4. Is v(r) a multiple of 3?
True
Let u = 6 - 3. Suppose u*a - 22 = 2*a. Does 13 divide a?
False
Suppose -48 + 196 = 5*o + t, -2*o - 5*t = -50. Is 9 a factor of o?
False
Let p(t) = -27. Let l(u) = u - 1. Let y(m) = -3*l(m) + p(m). Is 3 a factor of y(-10)?
True
Let w = -8 - -19. Suppose -44 = -3*x + 3*b - 2*b, 0 = -2*x - 3*b + w. Is x a multiple of 13?
True
Is 15 a factor of ((-182)/21)/((-2)/12)?
False
Let w = -84 + 184. Is 44 a factor of w?
False
Let r(u) = -u**2 - 12*u. Suppose 5 = 2*g + 27. Is 11 a factor of r(g)?
True
Suppose 2*g = -4*u + 18, -g - 3*g - 2*u = -54. Is 7 a factor of g?
False
Let j(w) = w**3 + 3*w**2 - 2*w + 1. Is j(4) a multiple of 21?
True
Let l(f) = -f**2 + 6*f - 9. Let n be l(7). Is 4 a factor of ((-38)/(-4))/((-8)/n)?
False
Suppose 2*f - 39 = -3*n - 117, 3*n + 3*f + 81 = 0. Does 16 divide (-6)/8 + (-1866)/n?
False
Let u be 0 + 2 + 1 + -1. Suppose u*q - 72 - 10 = 0. Is q a multiple of 15?
False
Let j = 16 + 10. Does 13 divide j?
True
Let z = 30 - 22. Does 8 divide z?
True
Let j(q) = 11*q**2 - 6*q + 6. Does 24 divide j(4)?
False
Suppose -184 = 8*b - 4*b. Is (b/(-5))/((-1)/(-5)) a multiple of 15?
False
Let y(n) be the second derivative of 17*n**4/12 + n**3/6 + 3*n. Is 9 a factor of y(-1)?
False
Does 22 divide -8*(-5)/240 - 790/(-12)?
True
Let u(f) = -7*f + 1. Let r be u(1). Is 3 a factor of (r/(-10))/(4/20)?
True
Let c be ((-3)/6)/(1/14). Let v = 7 + c. Suppose -3*p + 51 = -v*p. Is 11 a factor of p?
False
Let w(c) = c - 3. Let a be w(-6). Let s = a + 34. Is s a multiple of 8?
False
Suppose -29*n + 30*n = 57. Does 15 divide n?
False
Let o(n) = n**2 - 7*n + 6. Let s be o(7). Suppose s*p - 138 = p + 2*g, -3*p = 4*g - 62. Is p a multiple of 11?
False
Let w(k) be the second derivative of k**5/20 - k**4/12 + 12*k**2 - 2*k. Does 8 divide w(0)?
True
Suppose f - 8 - 20 = -2*j, 4*j = 8. Does 12 divide f?
True
Let c(o) = 7*o**2 - o. Is 23 a factor of c(-4)?
False
Let l = 0 + 0. Suppose -k - k + 16 = l. Suppose -4*i - 96 = -k*i + 4*j, -4*i - 4*j = -88. Does 10 divide i?
False
Let h be (6/(-9))/(-1)*-12. Does 10 divide 2 + -3 - (h + -3)?
True
Suppose 4*n - 3 = 5. Is 3 a factor of (2 - 0)/(n/3)?
True
Suppose 20 = p - 0*p + 5*r, 4*p + r = 23. Suppose -4*d - d + 25 = 0, 5*u - 20 = -p*d. Let i = u - -8. Is i a multiple of 4?
False
Let n be (-2)/(-6)*(-12)/(-2). Let r be (0 + n)*(-3)/(-2). Suppose 2*v = -r + 15. Is 6 a factor of v?
True
Let f be (-4)/10 + (-4)/(-10). Suppose -2*r + 7 - 1 = f. Suppose -5*s = 2*b - 106 - 42, 2*b - 88 = -r*s. Is s a multiple of 9?
False
Let w be (-1 + -1)*2/4. Let c(i) = 22*i - 1. Let h(g) = -21*g + 1. Let j(n) = 4*c(n) + 5*h(n). Is j(w) a multiple of 9?
True
Let y(o) = 1 - 1 - 3 + 7*o. Let m be y(5). Suppose -i - 2*j = -16, 3*j + m = i + i. Is 16 a factor of i?
True
Suppose 2*p = 7*p - 350. Suppose o - 2*l = l + 15, 3*o = 4*l + p. Does 15 divide o?
True
Suppose -4*l = -l - 480. Suppose 5*y + 10 = l. Is 10 a factor of y?
True
Let k(l) = -7*l**2 + 3*l + 8. Let p(f) = -3*f**2 + 2*f + 4. Let m(c) = -2*k(c) + 5*p(c). Let n be m(4). Suppose -3*q + 2*q = -n. Is 2 a factor of q?
True
Let c(t) = -t**3 - t**2 - 4. Let j be c(-5). Suppose 4*r = j + 48. Does 18 divide r?
True
Let x = -1 - -28. Let i = x + -15. Let l = i + 1. Is 5 a factor of l?
False
Let m(t) = 37*t**2 + 2*t + 1. Let y be 2/3 - (-5)/(-3). Is 18 a factor of m(y)?
True
Suppose 0 = -0*d + 3*d - 3. Suppose 14 = 3*s - 1. Let n = s - d. Is 2 a factor of n?
True
Let t(n) = n + 17. Is t(5) a multiple of 9?
False
Let k(c) = 2*c**2 + 2*c - 2. Let v = -8 - -6. Let h be k(v). Let l = 29 + h. Does 14 divide l?
False
Let f be (-2)/(-4*(-2)/(-4)). Let j be (-2 + 2 - f)*-3. Suppose 0 = l - 3*l + j*b + 32, -5*l + 5*b + 90 = 0. Is l a multiple of 6?
False
Let x = -3 - -7. Suppose 0 = -g - x*v + 4 + 8, 5*v = -3*g + 22. Suppose 2*h - g*s = 14, 41 = 5*h + s - 38. Does 15 divide h?
True
Let w be (-4)/(-6) + 28/(-6). Let v(n) = -n**3 - 2*n**2 - 2*n + 4. Let f(t) = 5*t**3 + 9*t**2 + 10*t - 20. Let p(i) = 2*f(i) + 11*v(i). Does 6 divide p(w)?
True
Let i be (108/(-5))/(6/(-20)). Let g(p) = -5*p**3 - 2*p**2 + 1. Let r be g(-1). Suppose -r*t + 5*f + i = 0, -29 = -5*t + 3*f + 48. Is 13 a factor of t?
True
Let b be ((-1)/(-5))/((-2)/(-10)). Let x = b - -2. Suppose x*f + y - 12 = 4*y, -4*f = 2*y - 28. Is f even?
True
Let p be (-30)/(-4) - 3/(-6). Suppose -2*l + p = -10. Is 9 a factor of l?
True
Let p = 69 + -4. Is p a multiple of 13?
True
Let r(k) = 18*k - 6. Let o(n) = -17*n + 5. Let i(m) = -3*o(m) - 2*r(m). Let h(z) = -z**3 + 4*z**2 + 3. Let a be h(4). Is 16 a factor of i(a)?
False
Let o(x) = -13*x**3 - 2*x**2 + x. Let b be o(1). Let i = 36 + b. Is 9 a factor of i?
False
Let p(y) = -3*y - 2. Let d = -2 - -4. Let z(a) = -a**2 + a - 1. Let n be z(d). Is 7 a factor of p(n)?
True
Let s = 4 - 2. Suppose -3*d + 82 = 28. Suppose s*c - 34 = d. Does 13 divide c?
True
Let m(d) = d**2 + d - 5. Let c be m(-9). Let i = 129 - c. Does 20 divide i?
False
Let q = 30 - 51. Let f = q + 30. Is f a multiple of 9?
True
Let n(d) = d**2 - 1. Let m(g) = 4*g**2 + 4*g - 6. Let q(y) = m(y) - 2*n(y). Is q(-5) a multiple of 26?
True
Let l(g) = 21*g**2 + 4. Is 12 a factor of l(-2)?
False
Suppose 2*a - 40 = 2*f, -5*a + 4*f + 109 - 13 = 0. Suppose -124 + a = -4*l. Is l a multiple of 9?
True
Let n(p) = p**3 + 9*p**2 + 4*p - 15. Is n(-7) a multiple of 38?
False
Let z be (-3 + (-21)/(-6))*0. Suppose 4*j + j - 105 = z. Is 21 a factor of j?
True
Suppose c + 3*s = 44, -3 = s + 1. Is c a multiple of 7?
True
Suppose -o - 3*o - 186 = -5*l, -3*l + 3*o = -111. Does 38 divide l?
True
Let g be -1*0/(6/2). Let n(c) be the third derivative of -c**6/120 + c**4/24 + 13*c**3/6 + c**2. Is 11 a factor of n(g)?
False
Suppose m + 0 = 6. Let h be 2/(-3) + (-488)/m. Is 3/(-9)*(h + 1) a multiple of 27?
True
Does 7 divide ((0 - -1) + 16)*2?
False
Let r = -77 + 161. Is r a multiple of 14?
True
Is 5 a factor of (-2)/(20/(-6)) - (-167)/5?
False
Let a(t) = t**2 - 5*t - 4. Let y be a(6). Suppose y*q = p - 18, 4*q + 3 + 1 = 0. Is 16 a factor of p?
True
Let v(h) = -h**3 - 8*h**2 + 12*h + 11. Let f be v(-9). Let u = f + 28. Does 7 divide u?
False
Suppose -30 + 141 = 3*q. Is q a multiple of 3?
False
Suppose -4 = -2*k + u, -2*u + 18 = 3*k - 2. Is (14/k)/(2/24) a multiple of 16?
False
Let v be 2/1 - (0 + 0). Let p = v - -9. Does 10 divide p?
False
Let m(z) = 2*z**2 + 6*z. Let t be m(-4). Suppose 2*k + 4 = -y, 5*k - 2*y = 2*k + t. Is ((-12)/2)/(-1 + k) a multiple of 6?
True
Is 85/1 + -9 + 5 a multiple of 17?
False
Let q(y) = -y**3 + 4*y**2 - 2*y - 5. Let x be q(4). Let k = 33 + x. Suppose k - 6 = v. Is v a multiple of 11?
False
Suppose -8*d + 130 = -3*d. Is 26 a factor of d?
True
Suppose 19*j - 22*j = -813. Is j a multiple of 12?
False
Let y = 59 + -3. Is 8 a factor of y?
True
Suppose 3*m - 2*m = 26. Does 13 divide m?
True
Let g(x) = -x**2 - 8*x - 2. Let c be g(-3). Suppose -2*q - 50 = -2*w, 2*w - 4*q + c = 61. Is 7 a factor of w?
False
Let v(b) = b**3 - 4*b**2 - 5*b - 6. Let m be v(5). Does 3 divide ((-4)/m)/((-4)/(-66))?
False
Suppose -4*q + 16 = -8. Let l be (-4430)/q + (-4)/(-12). Is 11 a factor of l/(-45) + (-2)/5?
False
Let b = 48 - -8. Suppose -2*v + 38 = -2*s, -3*s = 2*v - b + 13. Is v a multiple of 5?
True
Let z(b) = -b**2 - 14*b - 10. Let o be z(-11). Suppose -f = 6 - o. Is 12 a factor of f?
False
Let m(r) = -r - 3*r + 2*r**2 - 1 + 2*r**2 - 7*r**2. Let y be m(-3). Let x = -10 - y. Does 3 divide x?
True
Suppose -6*f = -1330 - 1010. Does 26 divide f?
True
Suppose 2*w - 7 - 3 = 0. Let p be 9/(-5) + w/(-25). Is 2 a factor of 6/2 + p + 2?
False
Suppose 0 = -5*q - 3*o + 6, -5*q - 4 = -6*o + 4*o. Suppose 24 = 3*u - l, u + 4*l - l - 8 = q. Is u a multiple of 8?
True
Suppose 4*p + 4*u = 40, 17 = 4*p + 2*u - 21. Let t be 3 + 6/(-9)*p. Is 17 a factor of (t/(-2))/((-3)/(-96))?
False
Let f(v) = -11*v - 5. Let d be f(-7). Let q = -36 + d. Is q a multiple of 11?
False
Let i(v) = -v + 5. Let a be i(0). Let m(s) = -3*s - 2 - 2*s**2 - s**3 + a*s + 8. Is 15 a factor of m(-4)?
True
Suppose